 = 3*a - 0*q. Suppose a = 2*x + x. Calculate h(x).
-3
Let a(q) = -q**2 + q - 3. Let b(i) = -2*i**3 + 2*i**2 + 2*i. Let k be b(2). Let n be (-1 - -1)*k/(-4). Suppose 8*m - 3*m = n. What is a(m)?
-3
Let s(x) = 7*x + 4. Let i(f) = 3*f + 2. Let p(g) = -5*i(g) + 2*s(g). Let b(h) = -2*h - 5. Let z(j) = -3*b(j) + 7*p(j). What is z(-3)?
4
Let y(t) = -t**2 + t - 1. Let i = 15 - 14. Suppose -u = g - i, 2*u + 2 = g - 5. Determine y(u).
-7
Let l(u) = 62*u**2 + 3*u + 58*u**2 + 3 - 119*u**2. Suppose -2*v + 3*v - 5 = 0. Suppose 5*s - 2*m + 0*m + 28 = 0, -20 = -v*m. Determine l(s).
7
Let f(o) = -2*o**3 + 4*o**2. Suppose 4*a - 5*j = a - 1, -3*a - 5*j = -19. What is f(a)?
-18
Let q(r) = 9*r. Let z(x) = 26*x. Let c(v) = 17*q(v) - 6*z(v). What is c(-2)?
6
Let u(y) be the second derivative of y**3/6 - 5*y**2/2 + 2*y. Give u(0).
-5
Suppose 2 = -o + 6. Suppose -h = o*h. Let s(i) = h + i + 2 + 2. Calculate s(-4).
0
Suppose 5*j - 4*p = -37, 2*p = 4 + 2. Let a(k) = 6*k**2 + 4*k + 2. Let m(l) = -l**2 - 2*l**2 + 4*l**2. Let i(v) = a(v) - 5*m(v). Give i(j).
7
Let l(b) = 10*b**2 - 24 + 6 - 12*b + b**3 + 4. Determine l(-11).
-3
Let a(f) = 5*f**2 + 4*f - 14. Let i(t) = t**2 + t + 1. Let l(s) = a(s) - 4*i(s). Calculate l(0).
-18
Let c(b) be the second derivative of 4*b + 0 - 1/6*b**3 + 4*b**2. What is c(6)?
2
Let k(c) be the third derivative of c**4/12 + 4*c**3/3 - 9*c**2. Let n be k(-5). Let j(l) = -4*l - 3. Calculate j(n).
5
Let d be 10*(-1)/(-4)*2. Suppose -i = -d*i - 20. Let x(y) = -y**2 - 7*y - 1. Calculate x(i).
9
Let n(h) = -h**2 + 7*h + 3. Let c = 21 + -15. Give n(c).
9
Let z(f) = 3*f + 11. Let l(k) = k. Let g(s) = -2*l(s) + z(s). Determine g(0).
11
Let s(v) = -v - 4*v - 2*v + 2 + 6*v. Calculate s(3).
-1
Let i = -16 - -6. Let f = i - -7. Let m(w) = -w + 2. Let g(k) = k**2. Let l(c) = -g(c) + m(c). Give l(f).
-4
Let x(d) = 4*d. Let c be x(1). Let m(p) = -11*p + 5. Suppose 6*a = 3*a - 12. Let y(u) = 5*u - 2. Let v(q) = a*m(q) - 9*y(q). Determine v(c).
-6
Let i(v) = v. Let l(r) = -r**2 + 3*r + 1. Let p be l(5). Let c be (6 - 12)/((-6)/(-8)). Let t = p - c. Give i(t).
-1
Let x(v) be the first derivative of v**4/3 - v**3/6 + v**2 - 1. Let l(y) be the second derivative of x(y). Suppose 4*u - 4 = -0*u. Calculate l(u).
7
Let n be 76/(-16) + 1/(-4). Let u = 6 + n. Let g(y) = 8*y - 1. Determine g(u).
7
Let g(s) = 2*s. Let p = -15 - -19. Give g(p).
8
Let n(d) = 5*d - 10. Let m be n(4). Let a(q) = -1 - m + 1 - 2 + q. Calculate a(7).
-5
Let c(o) = -o**2 - 6*o + 1. Let u be c(-5). Let g(t) be the third derivative of -t**4/24 + 5*t**3/3 - 13*t**2. Determine g(u).
4
Let m(x) = 9 + x - 10 - 10. Give m(0).
-11
Let b = 14 - 8. Let o(u) = -u + 13. Give o(b).
7
Let w(f) be the second derivative of f**4/12 - f**2/2 + 3*f - 1. Determine w(-3).
8
Suppose 5*z + 44 = 9. Let i(r) = -3*r - 9. What is i(z)?
12
Let g(q) = q - 3. Let j(h) = h - 5. Suppose 6*w - 3*w = -15. Let s(z) = w*j(z) + 8*g(z). Determine s(1).
4
Let s(l) = 3*l**3 + 2*l**2 - 1. Let i = 38 - 23. Suppose -5 = 5*g - i. Suppose o = -4*j, j + g*o + 6 = -1. Determine s(j).
4
Let d(o) = -o**3 - 2*o**2 + 2*o + 3. Let k(f) = -f**3 + 9*f**2 - f + 11. Let u be k(9). Suppose 5 = -u*z - 1. What is d(z)?
6
Let h(y) = -7*y + y + 2 - 3*y**2 + y**3 + 4*y. Calculate h(3).
-4
Let o be (-30)/(-25)*10/4. Let y(g) = -3*g**2 + 3*g + 3. Determine y(o).
-15
Let x(j) be the third derivative of j**6/120 - j**5/20 + j**3/6 - 7*j**2. Determine x(1).
-1
Suppose 0 = -7*r - 27 - 1. Let l(v) be the third derivative of v**6/120 + v**5/20 - 7*v**4/24 - v**3 - 2*v**2. Give l(r).
6
Let r(o) = -o + 1. Let y(a) = 3*a - 2. Let p = 0 + -1. Let s(z) = p*y(z) - 4*r(z). Suppose -4 = i - 8. Calculate s(i).
2
Let k = -12 + 6. Let z(x) = x**2 + 6*x + 4. Give z(k).
4
Let s(f) = -f - 3. Let u be s(-3). Let m(d) = u + d + 1 + d - 3. Give m(-3).
-8
Let j(s) be the second derivative of -1/6*s**4 + 0 + 1/20*s**5 - 3/2*s**2 + 2/3*s**3 - s. Suppose -2 = -4*v + 6. What is j(v)?
5
Suppose s = -s + 4*s. Let r(d) be the third derivative of 1/12*d**5 + 0*d + 3*d**2 + 0*d**3 - 1/8*d**4 - 1/120*d**6 + s. Determine r(4).
4
Suppose o = 2*o + 5*v + 6, 2*v + 12 = 2*o. Let k(x) be the third derivative of x**6/120 - x**5/12 + x**4/4 - x**3/2 + x**2. What is k(o)?
5
Let r(w) be the first derivative of -13*w**2/2 - 8*w + 5. Let f(v) = -7*v - 4. Suppose 0*s + 28 = -4*s. Let x(g) = s*f(g) + 4*r(g). Determine x(-4).
8
Let h(v) = -v**3 - v. Let s(b) = -7*b**3 - 2*b**2 - 9*b - 3. Let p(u) = 5*h(u) - s(u). What is p(-2)?
-13
Let v(n) = 4*n**3. Let q(j) = 5*j**3 + j**2 + j. Let x(a) = -5*q(a) + 6*v(a). Let d be x(-4). Let b(t) = -t**2 + 3*t - 2. Give b(d).
-6
Let z be 2/(-8) - 18/(-8). Suppose -z*n - 3*q + 0*q + 11 = 0, 12 = 4*q. Let x(u) = -1 - 4*u - 2 + n. Determine x(-2).
6
Suppose -4*z + 4*n + 28 = 0, -2*n - 3 = 3. Let f = 15 + -11. Let p(q) = f + z - 3 + q. What is p(-4)?
1
Let a(x) = x**3 + x**2 + x - 1. Let z be 1*-1 - (-8 + 9) - 0. What is a(z)?
-7
Let u = 1 + -1. Let x(k) = u*k**3 - 8*k**3 + 2*k + 0*k - k. What is x(1)?
-7
Let v be 3/(-2) + 2/(-4). Let o(s) = -s - 1. Let y(w) = -3*w. Let x(q) = v*o(q) + y(q). Determine x(0).
2
Suppose -4*c - 9 + 45 = 0. Suppose 3*m = l - 0*l + c, -10 = m + 4*l. Let h(b) = 2*b**3 - b**2 - 3*b + 1. What is h(m)?
7
Let h = 12 + -2. Suppose h = 3*o - 8*o. Let p(b) = 2*b + 3. Calculate p(o).
-1
Let r(h) = -h - 11. Suppose -2*l - 17 + 0 = -5*a, -4*l - 5*a = 19. Determine r(l).
-5
Let a(l) = -l**2 - 13*l + 9. Let f(k) = -k**2 - 12*k + 8. Let q(i) = 6*a(i) - 7*f(i). Let t be q(-6). Let d(z) = z**3 + 4*z**2 + z - 2. Calculate d(t).
4
Let n(h) = -h**2 - 10*h - 4. Let m be n(-6). Suppose 3*p + p = 5*k - m, 2*p + 10 = 4*k. Let u(z) = z**3 + 6*z**2 + 4*z - 6. Give u(p).
-1
Suppose -q + 20 = -5*q. Let j(o) be the third derivative of o**4/24 - o**3/2 - 18*o**2. What is j(q)?
-8
Let i(s) = -3 + 3 + 3 - 5 - 7*s. Calculate i(-4).
26
Let a(b) = 6*b**2 + 5*b + 41. Let c(n) = n**2 + n + 8. Let w(t) = 2*a(t) - 11*c(t). Let v = 4 + -4. Calculate w(v).
-6
Let x(a) = a**3 - 4*a**2 + a - 3. Let k be x(4). Suppose 6*y + 12 = 2*y. Let t = y - k. Let n(f) = -f - 8. What is n(t)?
-4
Let h(c) = 2*c - 1. Suppose -3*y = 2*y, -3*r + 6 = 2*y. What is h(r)?
3
Let i(r) = -6 + 6 - 1 + 8*r**2. What is i(1)?
7
Let j(d) = -3*d**2 + d + 1. Let x(a) = a**3 - 2*a**2 - a + 1. Let i be x(2). Let b(w) = 6*w. Let q be b(i). Let m be -6*q/9 - 2. Give j(m).
-9
Let h be ((-10)/(-15))/(2/3). Let g(x) = -x**2 + x - 1. Calculate g(h).
-1
Let k(f) = 1 - 7 - f + 4 + 1. Let n(r) = -r**2 + 3*r + 7. Let c be n(5). Let m(l) = -2*l**2 - 3*l + 4. Let q be m(c). Give k(q).
4
Let f = 4 + -2. Suppose -2*g = -2, -2*n - 4*g + 19 - 5 = 0. Let y = f - n. Let b(u) = u**3 + u**2 - 5*u - 2. Give b(y).
-5
Let q(g) = -6*g**2 - g**3 + 2*g**2 - 3 + 2*g + 6. Let l be 6/(-9)*3 - 2. What is q(l)?
-5
Suppose 4*c = n - 23, 4*n + 9 = -3*c + 2*n. Let t(z) = -z**2 - 5*z - 7. Determine t(c).
-7
Suppose -v + 0 = -12. Let t = v - 14. Let h(x) = -5*x + 1. Calculate h(t).
11
Let l be (63/6)/7*-4. Let t = l - -2. Let n(h) = -h - 4. Calculate n(t).
0
Let s(p) = 2*p + 5. Suppose 0 = 2*k + 5*b - 26, -4*b + 0*b + 4 = -4*k. Suppose 8 = k*c - 4. Suppose 2*m = -6 - c. What is s(m)?
-5
Let d(u) be the first derivative of -u**4 + 0*u + 1/2*u**2 - 1 + 1/3*u**3. What is d(-1)?
4
Let b(r) be the second derivative of r**4/24 + r**3/3 - 2*r**2 - 7*r. Let g(v) be the first derivative of b(v). Give g(2).
4
Let u(n) = 190*n + 3 - 95*n - 96*n. Let w be 0 - 0 - 6/2. Determine u(w).
6
Let u = 6 + 0. Let o(n) = n. Let g(y) = 2*y + 5. Let m(p) = g(p) - 4*o(p). What is m(u)?
-7
Let f(s) = s**3 - 2*s**2 + s. Let x = 40 - 39. Determine f(x).
0
Let r(q) = 5 - 6*q - 2*q**2 + 6*q**2 - 2*q**2 - q**2. What is r(4)?
-3
Let q(h) = -h**2 + 7*h. Let f = 10 + -7. Let m be f/12 - (-23)/4. Give q(m).
6
Let l(t) = 7*t**3 + 1. Let a be l(1). Let q(k) = 3*k + a*k - 11*k - k**3 - 5 - 5*k**2. Determine q(-5).
-5
Let c(i) = -i**2 + i + 4. Let t be (-1 - 1)/(-2*(-6)/18). Determine c(t).
-8
Let y(u) = u**2 - 4*u - 3. Let l be y(5). Let x be (4/8)/(l/(-4)). Let a(h) = 3*h - 1. Give a(x).
-4
Let s(k) be the second derivative of -2/3*k**3 + 0 + 0*k**2 + 9*k. Determine s(-1).
4
Let h(q) = 3 + 6 + 6*q + 3*q - 8. Calculate h(-1).
-8
Suppose l - 2*l - g - 2 = 0, -4*l - 3*g - 6 = 0. Let v(f) be t